
In base 8, what is -2072 + -377617?
-401711
In base 12, what is 2 + -1040336?
-1040334
In base 14, what is -556b + -176?
-5703
In base 10, what is -365 - 3117?
-3482
In base 15, what is -729b72d - 3?
-729b731
In base 16, what is 2d74b - 179?
2d5d2
In base 10, what is -930 - -26934?
26004
In base 13, what is -15079771 - -3?
-1507976b
In base 3, what is 201102011201 + -1100?
201102010101
In base 14, what is 1 + 17b998?
17b999
In base 2, what is 11100111000 - 10110010111000010?
-10101111010001010
In base 12, what is 56ba68 - 15?
56ba53
In base 5, what is 102021002 - 44?
102020403
In base 5, what is -320232444 - 243?
-320233242
In base 16, what is 653e6 + 17d?
65563
In base 12, what is 1b106 + 87b?
1b985
In base 11, what is -3a941 + -3?
-3a944
In base 11, what is a - 1294a?
-12940
In base 4, what is 121123132021 - -3?
121123132030
In base 9, what is -54363524 + -2?
-54363526
In base 14, what is -64a3 - 299?
-675c
In base 3, what is -10121222120012110 - -10?
-10121222120012100
In base 9, what is 7685 - 64162?
-55366
In base 6, what is -10345 - -154205?
143420
In base 5, what is 31410211 - -31?
31410242
In base 6, what is 14 + -1121435015?
-1121435001
In base 7, what is 465 + 5621433?
5622231
In base 12, what is -50 + -475b5?
-47645
In base 13, what is 198407 - 22?
1983b5
In base 8, what is 310603645 + 2?
310603647
In base 2, what is -100101 + 100001101100001100001?
100001101100000111100
In base 11, what is 4268 + 7007?
10274
In base 4, what is -203101333110 - 120?
-203101333230
In base 12, what is -18796312 - -15?
-187962b9
In base 12, what is -2 + -204bb9a?
-204bba0
In base 5, what is -3004431 - -332?
-3004044
In base 8, what is 112405 - 10224?
102161
In base 16, what is a + 2fb73?
2fb7d
In base 4, what is 23103331021 - -11?
23103331032
In base 16, what is -3 + -d69ea?
-d69ed
In base 13, what is -50b22c4 + 1?
-50b22c3
In base 8, what is -105170 - 110?
-105300
In base 6, what is 51310413 - 4?
51310405
In base 11, what is -131 + -223588?
-223709
In base 15, what is -267e11 - 1?
-267e12
In base 11, what is -10898 - a68?
-11855
In base 15, what is 1968deb + 1?
1968dec
In base 16, what is 27 + 3db734?
3db75b
In base 5, what is 403001310 - 131?
403001124
In base 10, what is 681 + 71471?
72152
In base 11, what is 10 - 100581a9?
-10058199
In base 2, what is 1111100101001111111110 - 10000001?
1111100101001101111101
In base 12, what is 1 + 1699a67a?
1699a67b
In base 5, what is 2222113221424 - 3?
2222113221421
In base 2, what is 1000100111101000 - -11?
1000100111101011
In base 11, what is -4 + 1350868?
1350864
In base 10, what is -5 + -8915838?
-8915843
In base 11, what is 51496 - -22a?
51715
In base 14, what is -1a45b - 3a?
-1a497
In base 2, what is -10000001011100111 - -1011?
-10000001011011100
In base 6, what is 3 + -10202254202?
-10202254155
In base 9, what is 7762 + -3483?
4268
In base 6, what is 5 + -2534542533?
-2534542524
In base 4, what is -113111320 - 202222?
-113320202
In base 16, what is -6e7 + 40e0b?
40724
In base 12, what is 23669b - 62?
236639
In base 14, what is -4731a + -90a?
-47c26
In base 6, what is 3544 - 422001?
-414013
In base 5, what is 101134 - 2331400?
-2230211
In base 10, what is 1 - -55885057?
55885058
In base 15, what is -1c1 + -2d0e1?
-2d2b2
In base 10, what is 6 - -3726384?
3726390
In base 8, what is -73651413 + 67?
-73651324
In base 5, what is 113342104103 - 2?
113342104101
In base 14, what is -23 - 35cd81?
-35cda4
In base 5, what is -2120 + 34432431?
34430311
In base 13, what is -25a + 87852?
875c5
In base 2, what is 110100111 + -110011000000001100?
-110010111001100101
In base 15, what is -4 - 9d48?
-9d4c
In base 5, what is -242431 - -212404?
-30022
In base 13, what is -7157 - 522b?
-c385
In base 7, what is 156420 - -113?
156533
In base 9, what is 3838624 - 181?
3838433
In base 3, what is 12 - 10122201201020?
-10122201201001
In base 16, what is -12 - -53466c?
53465a
In base 9, what is -1426008 - -26?
-1425872
In base 8, what is 33367 - 1063?
32304
In base 8, what is -143566226 - -3?
-143566223
In base 5, what is 242021132 + -100?
242021032
In base 14, what is c07 - 902ac?
-8d4a5
In base 2, what is -111100 - 100100000110111111101110?
-100100000111000000101010
In base 11, what is -3 + 8a74973?
8a74970
In base 8, what is 74114 + 52?
74166
In base 9, what is 470 - 815750?
-815270
In base 4, what is -110 + 2111111003?
2111110233
In base 10, what is 80384 + -3846?
76538
In base 15, what is -21721 + 45?
-216cb
In base 10, what is 241407382 - 0?
241407382
In base 12, what is 17b457b4 + 0?
17b457b4
In base 8, what is 1564 + -41547?
-37763
In base 5, what is 11121101124 + 10?
11121101134
In base 16, what is -b9d4b1 + -3?
-b9d4b4
In base 15, what is -b7b + 2ac3?
1e47
In base 8, what is -65 - -13273124?
13273037
In base 9, what is -8673487 - -25?
-8673462
In base 2, what is -1001011111010 - 101101010000?
-1111001001010
In base 7, what is 6 - -30555122?
30555131
In base 14, what is 15b7 + 2032?
3609
In base 13, what is c7a55 + 6?
c7a5b
In base 14, what is -346c69 - 28?
-346c93
In base 14, what is 6d9 + -1072a?
-10031
In base 7, what is -56665 + 51036?
-5626
In base 6, what is -2 + 1235040221?
1235040215
In base 4, what is 1 + -23322023022?
-23322023021
In base 11, what is 12307516 + 17?
12307532
In base 14, what is -2c4 + 7c7b?
7997
In base 11, what is 14707355 + 2?
14707357
In base 2, what is -1000011011010 + 11011000?
-1000000000010
In base 11, what is 123770 - 8?
123763
In base 15, what is 109 + 385?
48e
In base 11, what is -75 - 3587125?
-358719a
In base 14, what is -32 + 1d64615?
1d645c3
In base 2, what is 10001 + -10000011101101011?
-10000011101011010
In base 9, what is -6 + -3878426?
-3878433
In base 15, what is c41 - 55e8?
-48a7
In base 16, what is -1a378f6 + 5?
-1a378f1
In base 16, what is 5b71c - -9?
5b725
In base 2, what is 11011100100 - -1000111001001101?
1001010100110001
In base 5, what is -14011 + -11103023?
-11122034
In base 12, what is 224a21b7 + -4?
224a21b3
In base 9, what is -20371 - -177?
-20183
In base 7, what is -62016 + -221?
-62240
In base 9, what is 20450501 - 4?
20450486
In base 6, what is 4 + -2412154452?
-2412154444
In base 2, what is 1000110100 + 11010010100101011100?
11010010101110010000
In base 6, what is 1553025 + 0?
1553025
In base 14, what is 3c3 + 6444b?
64830
In base 16, what is 0 + 3c6e00?
3c6e00
In base 16, what is -494a2a - -1?
-494a29
In base 12, what is 3562 - 1766?
19b8
In base 3, what is 120200020012010212 - -10?
120200020012010222
In base 11, what is -530 - -4958?
4428
In base 14, what is 4b231 - c5?
4b14a
In base 10, what is -23505564 - -5?
-23505559
In base 14, what is -15c8b - -13?
-15c78
In base 3, what is -1110001 + 121001012220?
120222202212
In base 8, what is 1363713332 + -3?
1363713327
In base 12, what is 45b2 - 399?
4215
In base 2, what is 11111100 + -110010100111111?
-110010001000011
In base 5, what is -1103041324 - -1023?
-1103040301
In base 13, what is -a01 + 3651?
2950
In base 16, what is cb5b57 + -4?
cb5b53
In base 13, what is -1327ab - 17?
-1327c5
In base 11, what is 4 + 3141517?
3141520
In base 2, what is -1011 + 11000111011110010?
11000111011100111
In base 10, what is 5255 + 6436?
11691
In base 7, what is 4234 - 1114522?
-1110255
In base 5, what is -433 - 1031441442?
-1031442430
In base 6, what is 1333524 - -10525?
1344453
In base 11, what is -110780 + 32?
-110749
In base 15, what is 14b9ba + -16?
14b9a4
In base 16, what is 0 - -17284?
17284
In base 10, what is -41514 + -64?
-41578
In base 15, what is -4 + -5a8aae?
-5a8ab3
In base 16, what is 2 - -79d501?
79d503
In base 12, what is -4 + -422a57b?
-422a583
In base 12, what is -22 - 10980a7?
-1098109
In base 3, what is 1001101220101211 - -10?
1001101220101221
In base 2, what is -110100101100110100100 + -100010?
-110100101100111000110
In base 8, what is -70154232 + 5?
-70154225
In base 4, what is 10 + -330333312032?
-330333312022
In base 10, what is 88 - 308322?
-308234
In base 3, what is 100102002201021112 - 12?
100102002201021100
In base 4, what is -11 - 1303211002123?
-1303211002200
In base 14, what is 2c465 - 555?
2bd10
In base 15, what is 12236 + 31?
12267
In base 7, what is -141645063 - -14?
-141645046
In base 16, what is 1869da0 + -9?
1869d97
In base 14, what is -3 - -145669c?
1456699
In base 13, what is 4 - 56c393c?
-5